is -111001110000100111 (base 2) in base 16?
-39c27
-2722132 (base 10) to base 5
-1144102012
Convert -20323310000 (base 4) to base 2.
-1000111011110100000000
Convert -10001000021002 (base 3) to base 2.
-110001010000101110101
What is 1022002210102101 (base 3) in base 9?
38083371
6558607 (base 9) to base 2
1101011100000111001101
Convert 103234 (base 8) to base 4.
20122130
361a06 (base 11) to base 15
b4e16
-11830a7 (base 13) to base 6
-312242130
What is 71a22a (base 12) in base 8?
6624702
What is -12415110 (base 6) in base 16?
-634f2
What is 102312133120 (base 4) in base 6?
253530344
-12815a (base 11) to base 13
-70745
Convert 370b1 (base 12) to base 8.
221305
What is -112022001 (base 3) in base 10?
-10423
Convert 20b78c (base 13) to base 10.
768052
16842 (base 15) to base 13
27152
Convert -431441143 (base 6) to base 2.
-11101001001100110010111
What is 27381b (base 12) in base 8?
2363727
What is -32161555 (base 7) in base 8?
-12343150
Convert -11130004012 (base 5) to base 7.
-206632042
What is -16961 (base 16) in base 3?
-11200220102
What is -244002123 (base 5) in base 11?
-71aa19
What is -c67e (base 16) in base 8?
-143176
Convert -23113131212 (base 4) to base 9.
-5541322
What is 1136761 (base 11) in base 4?
13210232123
Convert -22111011001002 (base 3) to base 7.
-53223500
Convert 21102110 (base 8) to base 6.
240124252
-41ab57 (base 12) to base 6
-34103351
4a091 (base 14) to base 5
21244411
Convert -226180 (base 9) to base 11.
-92a97
Convert 1013818 (base 9) to base 6.
15331542
-20087 (base 15) to base 8
-306001
-2c72c (base 14) to base 9
-178444
12876a (base 13) to base 8
1551436
-1101222102110 (base 3) to base 12
-300726
What is -210114120 (base 6) in base 16?
-37ae80
What is -1a6342 (base 11) in base 9?
-531241
Convert -6bd48 (base 14) to base 15.
-5302c
-181037 (base 9) to base 10
-112300
1040440230 (base 5) to base 3
11021212112000
Convert -100223231100 (base 4) to base 15.
-5b5c03
What is -10622141 (base 7) in base 6?
-31533155
Convert 720435 (base 8) to base 6.
5033101
151b475 (base 12) to base 10
4270553
Convert 328b9 (base 16) to base 7.
1521411
7232731 (base 10) to base 4
123211303123
Convert -12145432 (base 6) to base 3.
-201200111002
215000 (base 8) to base 11
4a26a
Convert -211322110 (base 4) to base 5.
-14432114
Convert 215133 (base 7) to base 2.
1001001110101011
What is 16225 (base 10) in base 8?
37541
Convert 204573 (base 8) to base 4.
100211323
Convert 6dd58 (base 14) to base 3.
111122201100
-105313051 (base 6) to base 2
-111011001001100010111
What is -580364 (base 11) in base 4?
-3201103000
1330111312 (base 5) to base 8
14651004
What is -25a03 (base 13) in base 3?
-10112202012
Convert -1002010020110 (base 3) to base 4.
-2023323300
What is -121020110112 (base 3) in base 9?
-536415
Convert 10260055 (base 7) to base 11.
545937
What is 5554678 (base 9) in base 2?
1011011001101010111000
-3817369 (base 10) to base 3
-21011221110001
-42331325 (base 8) to base 12
-3032419
-4320530 (base 6) to base 9
-353740
-1b60919 (base 13) to base 15
-be6811
What is -4a243 (base 11) in base 13?
-26b00
Convert 1761306 (base 10) to base 5.
422330211
20b315 (base 12) to base 7
4252433
Convert 131432120 (base 6) to base 9.
4804583
Convert 96be8a (base 16) to base 12.
338514a
What is -2556aa (base 11) in base 10?
-402808
What is 320101433 (base 6) in base 4?
111120313131
Convert 7a7a3 (base 15) to base 7.
3212412
What is -a8219 (base 15) in base 6?
-15234540
67611 (base 8) to base 10
28553
-2110001220 (base 3) to base 5
-3020130
Convert 290910 (base 10) to base 6.
10122450
-12121112212 (base 3) to base 12
-53b28
5fe092 (base 16) to base 11
3601901
Convert -6123514 (base 8) to base 7.
-16506321
What is -3661d (base 15) in base 14?
-47331
Convert -8569b (base 14) to base 16.
-4eb39
What is -58942 (base 12) in base 13?
-42134
Convert -13210003 (base 5) to base 13.
-48046
-2001111220120 (base 3) to base 13
-2c3493
-24301142 (base 5) to base 2
-110111101111001001
-10441201 (base 5) to base 7
-536005
372730 (base 10) to base 9
627254
-477481 (base 9) to base 2
-1000110001110000111
What is 435174 (base 8) in base 15?
2d414
464106 (base 7) to base 3
11012221100
What is -43433434 (base 5) in base 4?
-1123113210
What is -904575 (base 10) in base 9?
-1627753
15514a (base 11) to base 8
726676
Convert -513134 (base 8) to base 6.
-3345004
100001001110100 (base 2) to base 9
25302
What is -11311431033 (base 5) in base 16?
-c658ed
What is -1598592 (base 12) in base 11?
-2557436
What is -42019 (base 12) in base 4?
-111012111
13020260 (base 7) to base 6
41153332
314320023 (base 5) to base 12
539856
What is 101110110000100101100 (base 2) in base 9?
2784708
Convert 8959464 (base 10) to base 11.
506a418
What is 7715 (base 10) in base 14?
2b51
Convert 5704b7 (base 13) to base 12.
83262a
-1011101010010011110 (base 2) to base 10
-382110
-20023003020 (base 4) to base 3
-11000211211110
Convert -d094d0 (base 14) to base 6.
-410223502
810cb (base 16) to base 12
215a8b
What is -19324 (base 11) in base 15?
-8009
Convert -435a9 (base 13) to base 9.
-205084
Convert 1100101100001110 (base 2) to base 15.
10607
What is 11222020020 (base 3) in base 4?
113320332
Convert 35cb8 (base 13) to base 16.
1821f
-1100122220220 (base 3) to base 5
-141043103
What is 956380 (base 12) in base 5?
1100312224
Convert 1111110010100011 (base 2) to base 14.
197d9
Convert -10022212122 (base 3) to base 11.
-45253
Convert 15504 (base 8) to base 3.
100120112
Convert 4554522 (base 6) to base 7.
1660265
-200310111 (base 4) to base 3
-20211101120
What is -4043014 (base 8) in base 5?
-233112013
-11243424 (base 5) to base 2
-11001001001001101
131121030010 (base 4) to base 10
7705348
What is 153047 (base 9) in base 12?
46544
Convert -4413417 (base 8) to base 13.
-326813
-470725 (base 11) to base 6
-24004541
Convert -322302313032 (base 4) to base 6.
-1310203010
314662 (base 8) to base 12
50842
-201474 (base 8) to base 11
-45951
-22101222202 (base 3) to base 5
-20243401
-1012301002 (base 4) to base 6
-10113534
101110000101111000010 (base 2) to base 4
11300233002
-221101121000 (base 3) to base 12
-201299
14852 (base 13) to base 2
1001011101110000
-43344202 (base 6) to base 14
-257b50
Convert -10224033 (base 5) to base 6.
-1502451
Convert 2179c (base 16) to base 15.
2a961
What is -10761 (base 10) in base 13?
-4b8a
What is 10620153 (base 7) in base 8?
3426772
Convert -2130021 (base 8) to base 9.
-1057013
Convert 11c548 (base 13) to base 8.
1502163
4954aa6 (base 11) to base 7
133142150
What is -140365 (base 8) in base 13?
-1963a
Convert -1200200100100 (base 3) to base 6.
-31134313
1201323300 (base 4) to base 9
671226
-5651a8 (base 16) to base 10
-5657000
What is -303001432 (base 5) in base 7?
-13234625
7754048 (base 9) to base 2
1111111001110111101011
33021333 (base 5) to base 8
1050136
2667702 (base 11) to base 16
464dd0
10223130133 (base 4) to base 8
4533437
Convert -12546503 (base 7) to base 4.
-10121323202
-101000101101101010000 (base 2) to base 15
-1b544b
Convert 94352 (base 10) to base 2.
10111000010010000
Convert 93055 (base 11) to base 9.
226273
-42422 (base 8) to base 9
-26226
Convert 3c08a (base 13) to base 10.
112161
-642 (base 12) to base 7
-2444
What is -1404112 (base 8) in base 9?
-662264
Convert 11b7920 (base 12) to base 5.
1342220303
-1187118 (base 10) to base 9
-2208370
Convert 101000111010000010110000 (base 2) to base 15.
e1c504
-282bb8b (base 12) to base 10
-8024795
-12b3d4 (base 14) to base 12
-271752
-966b18 (base 16) to base 6
-551142012
What is 73792 (base 16) in base 7?
4006642
Convert -20520015 (base 6) to base 4.
-2102310023
9f368 (base 16) to base 5
131332021
What is 13615621 (base 8) in base 5?
1242242444
-14b627 (base 12) to base 11
-220249
What is 141045 (base 13) in base 5?
111102131
-134b83 (base 16) to base 10
-1264515
-a04658 (base 12) to base 9
-4624075
What is 1100110101111001101110 (base 2) in base 5?
1330212020
What is 356060 (base 11) in base 15?
b2375
Convert 11111011001110100 (base 2) to base 16.
1f674
ca16 (base 13) to base 14
a333
-438833 (base 12) to base 11
-672907
2232422 (base 7) to base 13
99119
17ea37 (base 15) to base 12
48125a
-2ddc54 (base 14) to base 9
-3027743
What is 2b2404 (base 12) in base 4?
2302023010
What is -2010012300 (base 4) in base 5?
-114303404
4344301 (base